{"id":54,"date":"2022-07-22T10:40:43","date_gmt":"2022-07-22T10:40:43","guid":{"rendered":"https:\/\/hardcore-mirzakhani.82-220-38-86.plesk.page\/?page_id=54"},"modified":"2023-07-05T10:44:40","modified_gmt":"2023-07-05T10:44:40","slug":"das-team","status":"publish","type":"page","link":"https:\/\/immo247.at\/?page_id=54","title":{"rendered":"\u00dcber uns"},"content":{"rendered":"\n<section id=\"gmd4292cc\" class=\"wp-block-gutentor-m3 section-gmd4292cc gutentor-module gutentor-container-cover has-image-bg has-custom-bg has-gutentor-overlay g-valign-c-mobile g-valign-c-tablet g-valign-c-desktop\"><div class=\"grid-container\">\n<h2 class=\"wp-block-heading has-text-align-center has-nv-site-bg-color has-text-color\">\u00dcber uns<\/h2>\n<\/div><\/section>\n\n\n\n<section id=\"gmf0471e1\" class=\"wp-block-gutentor-m3 section-gmf0471e1 gutentor-module gutentor-container-cover has-color-bg has-custom-bg has-gutentor-overlay\"><div class=\"grid-container\">\n<div style=\"height:56px\" aria-hidden=\"true\" class=\"wp-block-spacer\"><\/div>\n\n\n\n<h2 class=\"wp-block-heading has-nv-text-dark-bg-color has-text-color\">Philosophie von IMMO247<\/h2>\n\n\n\n<p class=\"has-nv-text-dark-bg-color has-text-color\">Wir \u00fcbernehmen als zuverl\u00e4ssiger Partner gerne die Verantwortung f\u00fcr die Sauberkeit und Pflege Ihrer Objekte, damit Sie sich als Kunde voll und ganz auf Ihre Kernkompetenzen konzentrieren k\u00f6nnen. Als Gesch\u00e4ftsperson und Privatperson k\u00f6nnen Sie auf unsere Verl\u00e4sslichkeit, Qualit\u00e4t und unser unschlagbares Preis-Leistungsverh\u00e4ltnis z\u00e4hlen. IMMO247 steht Ihnen als zuverl\u00e4ssiger Partner mit Komplettl\u00f6sungen zur Seite. Wir z\u00e4hlen zu den Besten durch unsere sorgf\u00e4ltige Mitarbeiterauswahl. F\u00fcr spezifische Eins\u00e4tze, sind wir mit dem notwendigen Wissen stets bereit Maximalleistung zu erbringen. Unser Leistungsspektrum als Baufirma und Sanierungsexperten erg\u00e4nzt die Philosophie von IMMO247 perfekt. Mit unserer Erfahrung und Fachkompetenz \u00fcbernehmen wir die Verantwortung f\u00fcr die planm\u00e4\u00dfige Durchf\u00fchrung von Bauprojekten und Sanierungsma\u00dfnahmen, um Ihre Immobilien optimal zu erhalten und zu verbessern.<\/p>\n\n\n\n<h2 class=\"wp-block-heading has-nv-text-dark-bg-color has-text-color\">Ihre Vorteile<\/h2>\n\n\n\n<p class=\"has-nv-text-dark-bg-color has-text-color\">Als unser Kunde  k\u00f6nnen Sie sich auf einen zuverl\u00e4ssigen und diskreten Partner verlassen. Wir sind rund um die Uhr erreichbar und bieten Ihnen professionelles Know-How, kompetente Fachkr\u00e4fte sowie ein faires Preis-Leistungsverh\u00e4ltnis. Unser umfangreicher und moderner Maschinenpark macht uns f\u00fcr jeden Einsatz ger\u00fcstet.<\/p>\n\n\n\n<ul class=\"is-style-checkbox wp-block-list\" style=\"color:var(--nv-text-dark-bg)\">\n<li>Qualit\u00e4t in Service und Ausf\u00fchrung<\/li>\n\n\n\n<li>Werterhaltung Ihrer Immobilie<\/li>\n\n\n\n<li>Reduzierung von Betriebskosten<\/li>\n\n\n\n<li>Innovative passende L\u00f6sungen<\/li>\n\n\n\n<li>Hotline<\/li>\n\n\n\n<li>Diskretion<\/li>\n\n\n\n<li>Geschultes Personal mit Fachkenntnissen<\/li>\n<\/ul>\n\n\n\n<h2 class=\"wp-block-heading has-nv-text-dark-bg-color has-text-color\">Bau &amp; Sanierung<\/h2>\n\n\n\n<p class=\"has-nv-text-dark-bg-color has-text-color\">Unser Bauteam besteht aus sorgf\u00e4ltig ausgew\u00e4hlten Fachkr\u00e4ften, die \u00fcber das notwendige Wissen und die F\u00e4higkeiten verf\u00fcgen, um h\u00f6chste Qualit\u00e4tsstandards zu erf\u00fcllen. Egal, ob es sich um kleine Reparaturen, umfangreiche Renovierungen oder komplette Neubauten handelt, wir sind bereit, unsere Maximalleistung f\u00fcr Ihre spezifischen Anforderungen zu erbringen.<\/p>\n\n\n\n<p class=\"has-nv-text-dark-bg-color has-text-color\">Als Kunde von IMMO247 profitieren Sie von den folgenden Vorteilen, wenn Sie uns als Baufirma und Sanierungspartner w\u00e4hlen:<\/p>\n\n\n\n<ol class=\"wp-block-list\" style=\"color:var(--nv-text-dark-bg)\">\n<li>Umfassende Komplettl\u00f6sungen: Wir bieten Ihnen ein breites Spektrum an Dienstleistungen, die von der Bauplanung und -ausf\u00fchrung bis hin zur Sanierung und Instandhaltung reichen. Mit uns haben Sie einen einzigen Ansprechpartner f\u00fcr alle Ihre Bauprojekte.<\/li>\n\n\n\n<li>Werterhaltung Ihrer Immobilie: Unsere fachkundigen Bauteams arbeiten mit h\u00f6chster Pr\u00e4zision und Sorgfalt, um sicherzustellen, dass Ihre Immobilie in bestem Zustand bleibt. Wir verwenden hochwertige Materialien und modernste Techniken, um eine langfristige Werterhaltung zu gew\u00e4hrleisten.<\/li>\n\n\n\n<li>Reduzierung von Betriebskosten: Durch gezielte Sanierungsma\u00dfnahmen und energetische Optimierungen helfen wir Ihnen, die Betriebskosten Ihrer Immobilie zu senken. Unsere Experten analysieren die Effizienzpotenziale und bieten innovative L\u00f6sungen an, um Ihren Energieverbrauch zu optimieren und nachhaltige Einsparungen zu erzielen.<\/li>\n\n\n\n<li>Innovative passende L\u00f6sungen: Wir sind stets auf dem neuesten Stand der Bautechnologie und halten uns \u00fcber innovative L\u00f6sungen und Trends in der Branche auf dem Laufenden. Unsere Experten entwickeln ma\u00dfgeschneiderte Konzepte und setzen moderne Bautechniken ein, um Ihren individuellen Anforderungen gerecht zu werden.<\/li>\n\n\n\n<li>Hotline und pers\u00f6nlicher Service: Wir sind rund um die Uhr f\u00fcr Sie erreichbar und stehen Ihnen mit schneller und effizienter Unterst\u00fctzung zur Seite. Unsere freundlichen und kompetenten Mitarbeiter sind bereit, Ihre Fragen zu beantworten und Ihnen bei allen Anliegen behilflich zu sein.<\/li>\n\n\n\n<li>Diskretion: Wir legen gro\u00dfen Wert auf Diskretion und vertrauliche Behandlung Ihrer Daten und Informationen. Sie k\u00f6nnen sich darauf verlassen, dass wir mit h\u00f6chster Vertraulichkeit arbeiten und Ihre Privatsph\u00e4re respektieren.<\/li>\n\n\n\n<li>Geschultes Personal mit Fachkenntnissen: Unser Bauteam besteht aus gut ausgebildeten Fachkr\u00e4ften, die \u00fcber umfangreiche Erfahrung und Fachkenntnisse in der Baubranche verf\u00fcgen. Sie gew\u00e4hrleisten eine pr\u00e4zise und professionelle Ausf\u00fchrung Ihrer Bauprojekte und Sanierungsarbeiten.<\/li>\n<\/ol>\n\n\n\n<p class=\"has-nv-text-dark-bg-color has-text-color\">Mit IMMO247 haben Sie einen zuverl\u00e4ssigen Partner an Ihrer Seite, der Ihnen sowohl im Immobilienmanagement als auch bei Bauprojekten und Sanierungen umfassende Unterst\u00fctzung bietet. Verlassen Sie sich auf unsere Baufirma und Sanierungsdienstleistungen, um Ihre Immobilien optimal zu betreuen und zu verbessern.<\/p>\n\n\n\n<div style=\"height:56px\" aria-hidden=\"true\" class=\"wp-block-spacer\"><\/div>\n<\/div><\/section>\n","protected":false},"excerpt":{"rendered":"","protected":false},"author":1,"featured_media":0,"parent":0,"menu_order":0,"comment_status":"closed","ping_status":"closed","template":"","meta":{"_coblocks_attr":"","_coblocks_dimensions":"","_coblocks_responsive_height":"","_coblocks_accordion_ie_support":"","_uag_custom_page_level_css":"","neve_meta_sidebar":"","neve_meta_container":"full-width","neve_meta_enable_content_width":"","neve_meta_content_width":0,"neve_meta_title_alignment":"","neve_meta_author_avatar":"","neve_post_elements_order":"","neve_meta_disable_header":"","neve_meta_disable_footer":"","neve_meta_disable_title":"on","_themeisle_gutenberg_block_has_review":false,"footnotes":""},"class_list":["post-54","page","type-page","status-publish","hentry"],"uagb_featured_image_src":{"full":false,"thumbnail":false,"medium":false,"medium_large":false,"large":false,"1536x1536":false,"2048x2048":false,"neve-blog":false},"uagb_author_info":{"display_name":"admin","author_link":"https:\/\/immo247.at\/?author=1"},"uagb_comment_info":0,"uagb_excerpt":null,"_links":{"self":[{"href":"https:\/\/immo247.at\/index.php?rest_route=\/wp\/v2\/pages\/54","targetHints":{"allow":["GET"]}}],"collection":[{"href":"https:\/\/immo247.at\/index.php?rest_route=\/wp\/v2\/pages"}],"about":[{"href":"https:\/\/immo247.at\/index.php?rest_route=\/wp\/v2\/types\/page"}],"author":[{"embeddable":true,"href":"https:\/\/immo247.at\/index.php?rest_route=\/wp\/v2\/users\/1"}],"replies":[{"embeddable":true,"href":"https:\/\/immo247.at\/index.php?rest_route=%2Fwp%2Fv2%2Fcomments&post=54"}],"version-history":[{"count":16,"href":"https:\/\/immo247.at\/index.php?rest_route=\/wp\/v2\/pages\/54\/revisions"}],"predecessor-version":[{"id":332,"href":"https:\/\/immo247.at\/index.php?rest_route=\/wp\/v2\/pages\/54\/revisions\/332"}],"wp:attachment":[{"href":"https:\/\/immo247.at\/index.php?rest_route=%2Fwp%2Fv2%2Fmedia&parent=54"}],"curies":[{"name":"wp","href":"https:\/\/api.w.org\/{rel}","templated":true}]}}